-1450
In base 8, what is -36 - -163?
125
In base 13, what is 5 + 66313?
66318
In base 4, what is -122 + -10221?
-11003
In base 9, what is -23 + -1108?
-1132
In base 5, what is -12311 + 1202?
-11104
In base 11, what is 4 + -491a?
-4916
In base 14, what is 5b - 22?
39
In base 16, what is -3 - e7ec5?
-e7ec8
In base 5, what is 20304 - 3044?
12210
In base 14, what is 1a - -667a2?
667bc
In base 3, what is -1 + -10122112?
-10122120
In base 11, what is -2 - -9308?
9306
In base 15, what is -4 - -178ead?
178ea9
In base 4, what is 1310312 + -3?
1310303
In base 15, what is -d9a63 - -2?
-d9a61
In base 8, what is 5 - 1426477?
-1426472
In base 15, what is 5 + -30cbb?
-30cb6
In base 3, what is -11102 - 101122?
-120001
In base 2, what is -100000100 - 10010000?
-110010100
In base 4, what is 210321 + 111?
211032
In base 3, what is 111201 - 122?
111002
In base 6, what is 2134 - -12011?
14145
In base 12, what is 1a4 + 232?
416
In base 13, what is 13612a - -2?
13612c
In base 14, what is 3625 - -3?
3628
In base 8, what is 25 + -206?
-161
In base 7, what is 1156611 + -1?
1156610
In base 13, what is c739 + -6?
c733
In base 12, what is -b + 206b3?
206a4
In base 9, what is -57 - 882?
-1050
In base 7, what is -1225 + -5210?
-6435
In base 6, what is 331 - -10220?
10551
In base 8, what is -346264 - -1?
-346263
In base 13, what is 2 - 3a58?
-3a56
In base 4, what is 331200 - 231?
330303
In base 3, what is -1021120 + 12101?
-1002012
In base 7, what is 50 - -1062655?
1063035
In base 14, what is -808 - -2d?
-7b9
In base 8, what is 26774 - 563?
26211
In base 6, what is -1151000 - -3?
-1150553
In base 5, what is -22 + 1034?
1012
In base 5, what is -22142 + -410?
-23102
In base 3, what is -11100020 + -12?
-11100102
In base 6, what is -10 - -43053?
43043
In base 16, what is -9cea - -1?
-9ce9
In base 8, what is 210415 - 10?
210405
In base 10, what is -46344 - -5?
-46339
In base 11, what is 925a - 4?
9256
In base 13, what is 1638 + -6?
1632
In base 12, what is 206681 - 11?
206670
In base 8, what is -51440 + 5?
-51433
In base 8, what is -30525 - 4?
-30531
In base 8, what is -653033 - 3?
-653036
In base 13, what is 2957 - 11a?
283a
In base 8, what is 10115 + -10?
10105
In base 6, what is 21113 + -115?
20554
In base 10, what is 27268 + 2?
27270
In base 4, what is 303102110 + -31?
303102013
In base 3, what is 111120 + 12212?
201102
In base 3, what is -212012202111220 + 2?
-212012202111211
In base 14, what is 1b2bc + -3?
1b2b9
In base 6, what is 13 + 2330?
2343
In base 10, what is -1704 - 114?
-1818
In base 4, what is -1331313 - 2201?
-2000120
In base 9, what is -137 - 23760?
-24007
In base 11, what is -3 - -60056?
60053
In base 11, what is -9709 - -4?
-9705
In base 16, what is -1e - -61e3?
61c5
In base 3, what is -12 + 12100211102?
12100211020
In base 12, what is -24 - 4370a?
-43732
In base 6, what is -11543244 + 0?
-11543244
In base 8, what is 1 + -57114?
-57113
In base 3, what is -121211 + 20211020?
20012102
In base 15, what is -241 + -15a?
-39b
In base 6, what is 13012105 - -22?
13012131
In base 11, what is 50 - 22521?
-22481
In base 11, what is 2a0364 + -1?
2a0363
In base 6, what is -10010 + -14?
-10024
In base 3, what is -2012000011 - -2?
-2012000002
In base 8, what is -41627 - 2?
-41631
In base 7, what is 365101 + 3?
365104
In base 4, what is -233321 + -1022?
-301003
In base 3, what is -110211112121 - 2?
-110211112200
In base 3, what is -21 - -12020112002?
12020111211
In base 16, what is -8 - -e3b?
e33
In base 11, what is -38 + 4908?
4880
In base 9, what is -6557 + -2?
-6560
In base 2, what is -100 - 101101010110101011?
-101101010110101111
In base 9, what is 66 + -11501?
-11424
In base 6, what is 4130 + 40?
4210
In base 13, what is -8 + -1608?
-1613
In base 4, what is -3022 + 32233?
23211
In base 13, what is 2 - -68?
6a
In base 10, what is 239 + 1941?
2180
In base 16, what is -5f72e + 4?
-5f72a
In base 5, what is -441122024 + -10?
-441122034
In base 4, what is 332 - -21213?
22211
In base 7, what is 3 - 115321?
-115315
In base 8, what is -36650 + -4?
-36654
In base 5, what is 22030 - -143?
22223
In base 7, what is 63 + 262243?
262336
In base 10, what is -4092332 + -4?
-4092336
In base 15, what is -e74e + a?
-e744
In base 4, what is -100 + 1122223233?
1122223133
In base 4, what is -113 - 12211?
-12330
In base 8, what is -3 + -114104?
-114107
In base 14, what is 4d - -9d?
10c
In base 5, what is -1112 - -23140?
22023
In base 16, what is -29 + 6354?
632b
In base 11, what is -1 - 65aa7?
-65aa8
In base 6, what is 4 - 151210?
-151202
In base 6, what is 1 + -525343?
-525342
In base 12, what is -2b0493 + -3?
-2b0496
In base 10, what is 2218 - -26?
2244
In base 11, what is 7a19 - 5?
7a14
In base 5, what is -10 + -200040?
-200100
In base 15, what is 51 - 2c3b?
-2bda
In base 10, what is -12 - -191268?
191256
In base 4, what is -1211 - -3211?
2000
In base 8, what is 72 - 1241?
-1147
In base 14, what is -1 + -1814d?
-18150
In base 9, what is -35180 - -72?
-35107
In base 6, what is 110433010 - -5?
110433015
In base 3, what is 121111002 + 12?
121111021
In base 12, what is -5 + 11095?
11090
In base 13, what is -1313 - 1bc?
-1502
In base 6, what is 41553230 + 5?
41553235
In base 9, what is 111 + -2502?
-2381
In base 16, what is 2 - 1cb9?
-1cb7
In base 8, what is -702502 + 1?
-702501
In base 10, what is 479 - -354?
833
In base 6, what is 0 - -410402?
410402
In base 7, what is 6131 - -104?
6235
In base 5, what is 130 - -431241?
431421
In base 11, what is 16228 - -10?
16238
In base 5, what is -2 + -2311420?
-2311422
In base 2, what is 1100 - -1010000?
1011100
In base 9, what is 2 + -455517?
-455515
In base 11, what is -2 + -374a?
-3751
In base 9, what is 131771 + 4?
131775
In base 14, what is -35d1 + -18?
-3609
In base 12, what is -1926 - -3?
-1923
In base 5, what is -2141 + -1?
-2142
In base 5, what is 323 + 10113?
10441
In base 8, what is 24 - -14111?
14135
In base 5, what is 20222 + -43?
20124
In base 12, what is -6 + 12086?
12080
In base 10, what is -4 - -63566?
63562
In base 5, what is -110441324 + -21?
-110441400
In base 11, what is 13a - a8?
42
In base 14, what is -134 + -631?
-765
In base 9, what is 1383544 + -2?
1383542
In base 14, what is b - 43cb?
-43c0
In base 7, what is 403 + 153?
556
In base 15, what is -47 + -b5e8?
-b640
In base 11, what is 0 + -749?
-749
In base 2, what is -11 - -1100100111000010?
1100100110111111
In base 7, what is 2 - -420202?
420204
In base 16, what is -d + -566?
-573
In base 7, what is -24525 + 1162?
-23333
In base 6, what is 305341 + -44?
305253
In base 7, what is 1 + 14561?
14562
In base 9, what is 41608 + -2?
41606
In base 13, what is -19a - -a3?
-c7
In base 14, what is 35 + -477?
-442
In base 16, what is -21 + bcfe?
bcdd
In base 11, what is -3 + -23a70?
-23a73
In base 13, what is -4 - -11a143?
11a13c
In base 4, what is 121201303000 + -10?
121201302330
In base 14, what is -1 + -38466?
-38467
In base 5, what is -212 - 3000244?
-3001011
In base 16, what is -1 - -28f4?
28f3
In base 9, what is -630 + -4073?
-4713
In base 4, what is 1331102001 + -11?
1331101330
In base 7, what is -105211 + -13?
-105224
In base 10, what is 1167 - 8?
1159
In base 7, what is 4355 - -133?
4521
In base 14, what is -2 - 9c39?
-9c3b
In base 12, what is 17 + 3b3?
40a
In base 8, what is -22 - 6351?
-6373
In base 5, what is -221 + -12244?
-13020
In base 4, what is -12 + 23120203?
23120131
In base 4, what is -31 - -232131?
232100
In base 3, what is -1011022020000 - 1?
-1011022020001
In base 3, what is -1 + -11101?
-11102
In base 3, what is 0 - 2011112020?
-2011112020
In base 3, what is 10 - 10000102?
-10000022
In base 4, what is 2130 + 131000?
133130
In base 11, what is 2 - -4249?
4250
In base 8, what is 3052 + 223?
3275
In base 13, what is 4bc4b + -3?
4bc48
In base 3, what is -1020 + -21200020?
-21201110
In base 2, what is 100100110110000 + -1111001?
100100100110111
In base 11, what is 207a924 + -3?
207a921
In base 6, what is 5450 - 33?
5413
In base 12, what is -12329 - 53?
-12380
In base 7, what is -2313 - -12?
-2301
In base 14, what is 82 - 6b85?
-6b03
In base 5, what is 4133030 - -10?
4133040
In base 8, what is -123 + -332106?
-332231
In base 9, what is 47 + -641?
-583
In base 10, what is 280112 + -4?
280108
In base 13, what is 0 + -b670?
-b670
In base 8, what is -173 - 22360?
-22553
In 